 = 4*w + 3. Suppose 2*l - 17 = -w. Suppose 2*r - 2*q = -l*q + 19, 0 = r + 3*q - 9. What are the prime factors of r?
2, 3
What are the prime factors of (-1)/(-5) + (2020/25 - -3)?
2, 3, 7
Let p = 33 - -33. What are the prime factors of p?
2, 3, 11
Let t(h) = 2*h - 7. Let k be t(5). Suppose 5*d = -k*u + 201, -4*d + d = -4*u - 109. What are the prime factors of d?
3, 13
Let q(n) = n**3 - 6*n**2 + 3*n - 8. Let c be q(6). List the prime factors of c/4*(-72)/(-20).
3
Suppose -4*s + 6*s - 102 = 0. List the prime factors of s.
3, 17
Let o(z) = -2*z**2 - 9*z. Let j be o(-6). List the prime factors of (-96)/j + 4/6.
2, 3
Suppose 5*o - 11 = -p, -2*p + 4*o - 76 = -6*p. Suppose -12 + 5 = -j - 2*s, 0 = 4*j + s - p. Suppose -2*g = -33 + j. List the prime factors of g.
2, 7
Suppose -60 = -y - 3*y. Suppose 4 = 4*k, 2*u - y = -4*k + 3. Suppose 2*a + s - 13 = u, 2*a - 2*s = 26. What are the prime factors of a?
11
Suppose 4*j - 28 + 4 = 0. What are the prime factors of j?
2, 3
Let s(a) = 2*a**2 - 2*a + 1. Suppose -2*c + 3 + 1 = 0. Let j be s(c). Let v = 10 - j. List the prime factors of v.
5
Let t(h) = 9*h + 1. List the prime factors of t(11).
2, 5
Let u = -8 + 9. Let k = 2 - 1. List the prime factors of -1 + 13 + (k - u).
2, 3
Suppose 0 = 4*w - 14 - 6. Suppose 15 = z - a + 3*a, 4*z - w*a = 86. What are the prime factors of z/2 - (-2)/(-4)?
3
Let m = -1 - 3. Let y = m - -8. What are the prime factors of y?
2
Let z = -107 + 199. List the prime factors of z.
2, 23
Let z be 3/(-6) + (-30)/(-4). Let o be (-1)/(2 - z/4). What are the prime factors of 46/8 + (-1)/o?
2, 3
Suppose 0 = 2*y - 2, n - 4*y = 3*n - 4. Suppose n = 2*h + 98 - 36. Let s = 43 + h. List the prime factors of s.
2, 3
Let x(b) be the third derivative of b**7/280 + b**6/720 + b**4/12 - 3*b**2. Let p(v) be the second derivative of x(v). List the prime factors of p(1).
2, 5
Suppose -83 = -u + 10. What are the prime factors of u?
3, 31
What are the prime factors of 254 + (4 + -2 - 3)?
11, 23
Let j(d) = -33*d. Let g be j(-2). Suppose 3*n = -5*k - g, -3*n - 44 = -n + 2*k. List the prime factors of 4/22 - 304/n.
2, 7
Let q(f) = -9*f - 3. Let l be q(4). Let r = l - -57. What are the prime factors of r?
2, 3
Let p(g) = 15*g. What are the prime factors of p(4)?
2, 3, 5
Suppose -25 = -l - 0*l - 5*g, 2*g + 122 = 4*l. List the prime factors of l.
2, 3, 5
Let h = -1 + 48. List the prime factors of h.
47
Let n = 22 - 22. Suppose 2*f + 6 - 14 = n. List the prime factors of f.
2
Let x(d) = -d**3 + d**2 - d. Suppose 5*y = y. Let a be x(y). What are the prime factors of 7 - 1*(a + -1)?
2
Suppose -11*v = -16*v + 1305. What are the prime factors of v?
3, 29
Suppose -6*c + 506 = 68. What are the prime factors of c?
73
List the prime factors of -4 - ((-404)/6 + (-12)/18).
2
Let q(a) = 5*a - 2. Let o be (-4)/(-10) - 168/(-30). What are the prime factors of q(o)?
2, 7
Let p(l) = -l**2 + 3*l - 2. Let m be p(5). List the prime factors of (-5)/(-30) + (-346)/m.
29
Suppose 3*g - 47 = -2*j + 2*g, -3*j + 5*g + 51 = 0. Suppose 2*v + j = 3*a, -2*a + 32 = 5*v - 2*v. List the prime factors of a.
2, 5
Let k(l) = l**3 - 9*l**2 + 18*l - 11. What are the prime factors of k(8)?
3, 23
Let y(s) = -9*s - 2. Let u be (-42)/24 + 2/(-8). Let m be y(u). Suppose -2*t = c - 6*c + m, t = -c + 6. What are the prime factors of c?
2
Suppose l - 61 = -2*l + 4*a, 0 = 5*l - 5*a - 95. Let d = 22 - l. List the prime factors of d.
7
Let j = -31 - -63. List the prime factors of j.
2
Let p(h) = h + 32. What are the prime factors of p(-13)?
19
Suppose k - 20 = -5*d + 17, 4*d + 3*k - 23 = 0. Suppose 0 = -4*u - 0*u - d. Let z = u - -5. What are the prime factors of z?
3
Let l be (6/9)/((-4)/(-66)). Let f = l - 7. List the prime factors of f.
2
Let z(m) = -2*m**3 - 8*m**2 - m + 3. What are the prime factors of z(-6)?
3, 17
Let m(u) = 29*u**3 - 21*u**2 + 8*u + 4. Let i(q) = -7*q**3 + 5*q**2 - 2*q - 1. Let l(y) = -9*i(y) - 2*m(y). What are the prime factors of l(2)?
3, 11
Let c = -4 - -7. Let b(s) = -c - 3*s + s**2 + 2*s + 4. What are the prime factors of b(3)?
7
Let t(m) = 2*m + 0*m + 10 - m. List the prime factors of t(-7).
3
Suppose -2*n + 26 = 4*k, 7 = -3*n + 2*n + 3*k. Suppose 8*s - 5*s = 2*h + 51, n*h + 15 = 0. What are the prime factors of s?
3, 5
Let l be (-24)/(3 - 1) - -3. Let x = l - -12. Suppose -5*i = 25, i - x*i = -4*o + 34. What are the prime factors of o?
2, 3
Suppose -5*p + d = 41, d - 1 = -0*d. Let c = -2 - p. List the prime factors of c.
2, 3
Let u be (1 - 4) + -7 + 4. What are the prime factors of ((-2)/u)/((-3)/(-126))?
2, 7
Suppose 0 = 5*f + 10 + 5. Let j = 9 + f. Suppose -4*p = -j - 10. List the prime factors of p.
2
Suppose 5*w + 39 = -126. Let f = w - -46. List the prime factors of f.
13
Let m = 1 - 1. Suppose m = -2*f - 3 + 11. What are the prime factors of f?
2
Let c(q) = 7*q**2 - 2*q + 1. Let s be c(1). Suppose 0 = -4*r + r + s. Suppose -t - 9 = -r*t. What are the prime factors of t?
3
Suppose 0 = 5*m - 2*j - 0*j - 245, 5*m = -3*j + 245. List the prime factors of m.
7
Let v(g) = -2*g**2 + 6*g - 3. Let j be v(4). Let i = -3 - j. What are the prime factors of i?
2
Suppose 76 + 16 = 4*r. What are the prime factors of r?
23
Let q = -93 + 137. Suppose 0 = 5*l + 5*n - q - 26, 0 = l + 4*n - 29. What are the prime factors of l?
3
Let z(g) = 12*g**2 - 4*g + 2. Let s be z(2). Let w(y) = y**3 + 2*y**2 - 4*y - 4. Let x be w(2). Suppose -x*l = s - 118. List the prime factors of l.
19
Suppose 2*o + 5 = 3*o. Suppose -2*x = -6, 0 = o*t - 5*x + 2*x - 91. What are the prime factors of t?
2, 5
Suppose -6 = 5*m + 4. What are the prime factors of m + 31*(-1 - -2)?
29
Suppose -3 = -2*k - 5. Let m be k/(-2) - (-6)/4. Suppose 0 - m = -n. What are the prime factors of n?
2
Suppose 12 = -5*v + 2*v. List the prime factors of 6/(v - -1)*-14.
2, 7
Let p(r) = r**2 + r + 3. Let y be p(0). Suppose -3*a + t + 6 = -3*t, 0 = -y*a + 2*t + 12. Suppose -2*k + 24 - a = 0. List the prime factors of k.
3
Let m(p) be the third derivative of p**4/12 + 5*p**3/6 - 3*p**2. List the prime factors of m(4).
13
Suppose -5*z + 3*g = -204, -36 = -3*z + 2*z + 3*g. Suppose 0 = y + 2*y - z. What are the prime factors of y?
2, 7
Let r(g) = g**3 + 9*g**2 - 4*g - 17. List the prime factors of r(-9).
19
Suppose -11 = -3*g - 4*v + 15, 4*g - 3*v - 18 = 0. Suppose 3*j - 5*z = 88, -3*z + 2*z + 100 = 5*j. Suppose -b - g = -j. What are the prime factors of b?
3, 5
Let g(l) = l**3 - 10*l**2 + 13*l - 13. What are the prime factors of g(9)?
23
Let u be (2 - 5)/((-6)/16). Let v(p) = 0*p**2 + 3*p + 11 - 11*p + 5*p**2 - 4*p**2. What are the prime factors of v(u)?
11
List the prime factors of (-51)/(-2) + 1/(-2).
5
Let g = -1 + 5. Let u(x) = 3*x - 1. What are the prime factors of u(g)?
11
Let h(v) = -v**3 - 6*v**2 + 8*v + 15. List the prime factors of h(-7).
2
Let t(n) = -n**3 - 3*n**2 + 3. Let x be t(-3). Suppose -12 = -x*j - 0. Suppose 0 = -j*y, 4*s - 3*y - 20 - 4 = 0. What are the prime factors of s?
2, 3
Suppose 48 = 5*r - 4*r. What are the prime factors of r?
2, 3
Let w(q) = q - 2. Let f be w(6). Suppose 3*x - 5 = -3*r + 4, -f*x + 37 = -r. List the prime factors of x.
2
Suppose 31 = 3*l + 4*s - 3*s, -4*l = 4*s - 28. Let b = -20 + l. What are the prime factors of (-46)/b + 9/(-12)?
5
Let p be (-9 + 4)/(5/(-2)). Let k(m) = -3*m**2 + 4*m - 5. Let l(i) = -i**2 + i - 1. Let c(w) = k(w) - 4*l(w). What are the prime factors of c(p)?
3
Let k = 4 + -2. List the prime factors of k + 0/(-2) - -6.
2
Let u(l) = l**3 + l**2 + l + 2. Let o(p) = p**3 + 3*p**2 + 2*p. Let z be o(-2). Let v be u(z). List the prime factors of v*((-45)/(-6))/3.
5
Suppose -2*a - g + 74 = -3*g, 62 = 2*a - 5*g. What are the prime factors of a?
41
Let p = -3 - -5. Suppose x = -3*c + 5*x + 93, -2*x = p*c - 62. List the prime factors of c.
31
Let p(w) be the second derivative of w**5/20 + 7*w**4/12 + w**3 + w**2 - w. List the prime factors of p(-6).
2
Suppose -4 = 3*z - 106. What are the prime factors of z?
2, 17
Suppose 5*m + 0*m = 60. Let k(a) = -a**2 - 7*a - 2. Let w be k(-6). Suppose -36 = -w*c + m. What are the prime factors of c?
2, 3
Suppose 20 - 208 = -4*t. List the prime factors of t.
47
Let d = 217 - 91. Let j = d - 75. Suppose 2*t = 5*t - j. What are the prime factors of t?
17
Let w(x) = x**3 - 3*x**2 - 6*x + 4. Let z be w(4). Let i